 units digit of f(w)?
2
Suppose 4*z = 16, 0 = a - 5*z - 5624 - 9898. What is the thousands digit of a?
5
Let j = -323 - -8571. What is the units digit of j?
8
Suppose -4*v + 2*i + 26660 = -14748, 0 = v - i - 10353. What is the ten thousands digit of v?
1
Let f(i) = 588*i**3 - 2*i**2 - 39*i + 134. What is the hundreds digit of f(3)?
8
Let d be 762/(-24)*(-3 - 9). What is the tens digit of (-3*d/6)/((-3)/4)?
5
Let k = 431 - 1689. Let n = k + 2864. What is the thousands digit of n?
1
Suppose -20*r + 17*r + 3*g + 25476 = 0, 0 = -14*r - 5*g + 118945. What is the tens digit of r?
9
Let m = -553 + 527. Let q be 15*(0/(-4) - 15). Let w = m - q. What is the hundreds digit of w?
1
Let o = -681 + 1055. Suppose -5*h - 22 = 4*l, -l + 4*h = -39 + 13. Suppose 3*y = o - l. What is the units digit of y?
4
Let v = -1110 + 564. Let q = v + 865. What is the tens digit of q?
1
Let a(w) = 13*w**3 - 2*w**2 + 6*w - 3. Let t be a(1). Suppose 0 = j + p - 223, 4*j + t*p - 13*p - 889 = 0. What is the units digit of j?
2
Suppose 0 = 12*y + 8154 - 261822. What is the thousands digit of y?
1
Let n(o) = 29*o**3 - 6*o**2 + 52*o - 455. What is the thousands digit of n(8)?
4
What is the units digit of ((-13238)/(-3))/((20/5)/(0 - -6))?
9
Let o(u) = u**3 - 12*u**2 - 48*u + 1. Let p be o(17). Suppose -2*r + 4*r - p = 0. What is the tens digit of r?
1
Let i(b) = -60*b - 30 - 46 - 19*b + 2*b. What is the hundreds digit of i(-5)?
3
Suppose -5*r = 2*z - 4*z, 0 = 2*z + 4*r + 36. Let n(t) = -t**2 + 7*t + 28. Let x be n(10). What is the units digit of -7*2/z*(x + 7)?
7
Suppose 54*w = 142*w - 813296. What is the hundreds digit of w?
2
Suppose 3250 + 2613 = 13*l. Suppose 0*n = -5*g - 2*n + 7166, -5*g = -3*n - 7151. Suppose -9*c + g = l. What is the units digit of c?
9
Suppose -4*y = -3*w + 5*w - 8, -5*w - 5*y + 10 = 0. Suppose 4*j - 3*n - 1509 = 974, w = 2*n - 6. What is the tens digit of j?
2
Let t be 11624/6 - 4/(-6). Suppose 5*h - 1934 = 3*w, 0*h = -5*h + w + t. What is the tens digit of h?
8
Suppose -5*c + 18*o - 6 = 16*o, -9 = -3*c - 3*o. Suppose c = 2*w + 2*p - 864, -4*p - 866 = -2*w - 14. What is the hundreds digit of w?
4
Suppose 0*u + 15 = -3*u, -2*n = -4*u + 40. Let b(v) = 2*v**2 + 49*v + 87. What is the units digit of b(n)?
7
Suppose 5*z - 2 = -h - 4, 0 = -2*z - 2. Suppose q - 133 = 5*n - 10*n, 63 = h*n - 5*q. What is the tens digit of n?
2
Let c be 4/(-1) + (-20)/(-12)*6. Suppose -267 = -c*t + 1683. What is the hundreds digit of t?
3
Suppose 281942 = 19*a - 122511. What is the thousands digit of a?
1
Let a(l) = l**2 + 9*l + 4. Let v be a(-9). Let j = v + -2. Suppose -j*x + 140 = 4*h + 58, 5*x - 157 = 2*h. What is the units digit of x?
3
Let z be (26 - 5)/(2 - (3 - 0)). What is the units digit of ((-18)/z - 2)*-427?
8
Suppose -5*h - q = -19173, 2*h - 20*q = -24*q + 7680. What is the units digit of h?
4
Suppose -5*f = -4*k - 5, -10 + 0 = -4*f + 2*k. Suppose -3*g - f*i + 1106 = 0, -5*i + 464 = g + 92. What is the hundreds digit of g?
3
Let z(u) be the first derivative of 3/2*u**4 - 2*u + 0*u**3 - 11 + u**2. What is the hundreds digit of z(3)?
1
Let r = 89 - 89. Suppose r + 2 = n. What is the hundreds digit of (-476)/(-1 - (n - 1))?
2
Let g = 6938 + 2932. What is the units digit of g?
0
Let g(h) = 320*h + 1001. What is the ten thousands digit of g(30)?
1
Suppose -5*l - 3198 = 4*n - 846, 0 = -2*l - 2*n - 942. Let o = -120 - l. What is the hundreds digit of o?
3
Let j(s) = 611*s + 2867. Let b(d) = 51*d + 239. Let l(t) = 47*b(t) - 4*j(t). What is the thousands digit of l(-32)?
1
Let o = 4668 - 3681. What is the tens digit of o?
8
What is the ten thousands digit of (-13)/(-8 + 151614/18954)?
1
Suppose -5*j + 13 + 7 = 0, 4*j - 19 = 3*k. Let l be 556*1 - (5 - 2 - k). Suppose -6*v = -0*v - l. What is the tens digit of v?
9
Let q = 581 + -314. Let j = -1691 + 1631. Let k = q + j. What is the tens digit of k?
0
Let y = 506 - 512. What is the thousands digit of y*472/32*-14?
1
Suppose 50*n - 442517 = -65*n + 473343. What is the tens digit of n?
6
Suppose c = -m + 1361, 5*m = 2*c - 3022 + 286. Suppose 4*f + 253 = v - 12, f + c = 5*v. Let x = 417 - v. What is the tens digit of x?
4
Let u(f) = 252*f**2 + 83*f - 980. What is the thousands digit of u(10)?
5
Let a = 2354 + 3008. What is the tens digit of a?
6
Let j be (126/(-24))/(-7) + 60454/(-8). Let r be 8/(-3)*(j/16 - -2). Suppose -6*f + 0*f = -r. What is the units digit of f?
9
Suppose -63290 = 4158*u - 4168*u. What is the thousands digit of u?
6
Suppose -4*z = -2*z - 112. Let h be (-8)/(-4)*-1*18. Let l = z + h. What is the units digit of l?
0
Let t = -767 + 38593. What is the tens digit of t?
2
Suppose 134 - 116 = -3*t, a + 2*t - 44167 = 0. What is the units digit of a?
9
Let m(g) = -g + 12. Let u be m(6). Suppose -3*o + u = -3. Suppose 2*s = -5*i + 211, 5*s + o*i + 89 = 569. What is the tens digit of s?
9
Let t be (21*(-3)/45)/((-2)/10). What is the hundreds digit of (-7 + 2499)/t + 2?
3
Let c = -104221 - -157142. What is the tens digit of c?
2
Let s(i) = i**3 - 8*i**2 - 13*i - 59. Let m be s(10). What is the hundreds digit of m/66 + (1 - (-2381)/6)?
3
Suppose 2*a - 2797 = 5*d, 89*a - d + 7060 = 94*a. What is the hundreds digit of a?
4
Suppose 3*f + 2*f = 1140. Suppose f = 3*q - 36. What is the tens digit of q?
8
Let m(f) = 5*f**3 - 3*f**2 - 2*f - 2. Let b = -57 - -48. Let w(x) = 11*x**3 - 5*x**2 - 5*x - 5. Let n(g) = b*m(g) + 4*w(g). What is the tens digit of n(5)?
3
Suppose z + 0*z = 15. Suppose -5*m + d + 43 = 0, 2*d + 26 = 5*m - z. Suppose -10*c + 30 = -m*c. What is the tens digit of c?
3
Suppose -2*s + 5*d = 44, 2*s - d + 3*d + 16 = 0. Let n(t) = -2 + 18*t + 3*t + 3*t**2 - t**2 - 4*t. What is the units digit of n(s)?
2
Suppose 0 = 10*s - 2*s + 20*s - 135240. What is the hundreds digit of s?
8
Suppose c - 61271 = -i, 0 = -c - 27*i - 23*i + 61516. What is the ten thousands digit of c?
6
Let f be ((-195)/(-9))/((-2)/(-6)). Let p be f/26*42*1. Let s = 210 - p. What is the tens digit of s?
0
Suppose -2*m - 3*c - 37 = 25, 0 = 4*m + 5*c + 126. Let f = m - -36. What is the units digit of 14 + -12 + (f - -193)?
7
Let l = -607 - -189. Let z = l + 639. What is the tens digit of z?
2
Suppose -2*x = -4, 17*h - 14*h + 3*x - 59817 = 0. What is the thousands digit of h?
9
Let v = 72191 - 45787. What is the tens digit of v?
0
Suppose 0 = -3*l - 5*f - 38965 + 121521, 5*l - 4*f - 137544 = 0. What is the hundreds digit of l?
5
Suppose 12*u - 8*u + 23149 = c, -2*c - 2*u + 46228 = 0. What is the hundreds digit of c?
1
Let n = 39 - 33. Let z be (2 - n/4)/(2/452). Suppose -2*g = -2*b - 112, b + z = g + g. What is the units digit of g?
7
Let x(v) = v**2 + 18*v - 34. Let k be x(-17). Let m = 49 + k. What is the tens digit of (m + 4)*1*21/2?
2
Suppose 0 = -2*o - 3*q + 1 - 7, 0 = -4*o + 5*q + 10. Let r be -9 + 17 + o + -5. Suppose -6*k + k + 464 = 4*w, -r*k = 4*w - 456. What is the units digit of w?
1
Let v(j) = 69*j**2 - 14*j - 23. Suppose 5*t + 3 + 30 = 2*g, 3*t - 4*g = -31. What is the units digit of v(t)?
2
Let d(t) = -t**2 - 11*t + 14. Let w be d(-12). Suppose 4*k = o - 215, 3*k = 2*o - w*k - 436. Suppose -o = -4*b - 31. What is the units digit of b?
8
Let m = 41 - 31. Let g be (-11)/((-385)/84) - 4/m. What is the hundreds digit of 147 + (-2 - (g - 5))?
1
Suppose 4*x - 5*r - 227 = 17, -64 = -x + 2*r. Let o = x - 9. Let z = o - 21. What is the tens digit of z?
2
Let d(k) = -k**2 - 3*k + 18. Let t be d(-4). Let z(c) = -4 + 5*c - t*c - 32*c. What is the units digit of z(-2)?
8
Suppose -3*b - 5*l + 208356 = 0, 19*b + 69458 = 20*b + l. What is the thousands digit of b?
9
Suppose -34*c + 32*c = -10. What is the tens digit of (c/4)/(2/240)?
5
Suppose 10 = 5*i, -2*y + y = -2*i + 8. Let o(d) = -100*d + 4. What is the hundreds digit of o(y)?
4
Let k = 6203 - -86. What is the thousands digit of k?
6
Let g = 28546 - 12009. What is the units digit of g?
7
Suppose 5468 = 10*p - 8*p + 2*q, -2*p + q = -5465. What is the hundreds digit of p?
7
Suppose -82*j + 79*j - 24842 = -5*c, -c + 4971 = 2*j. What is the thousands digit of c?
4
Suppose -12*z = z - 39. Let r(p) = 44*p + 8. Let u be r(z). Suppose -3*i + 70 = -u. What is the tens digit of i?
7
Let m(y) = y**2 + 7*y - 3. Let f be m(3). Suppose 155 = 2*r - f. What is the tens digit of (-2)/(-3)*3 + r?
9
Let x be (71246